0) - (-19 - -19)?
-16
What is 8 - (-18 + (-2 - -14))?
14
Calculate 22 + (-36 - -7) + 35.
28
(-16 - -23) + -4 + -2 - -15
16
What is 14 - (-39 + 20 - -44)?
-11
What is the value of 11 + 1 + 361 + -363?
10
Evaluate -121 - -154 - (7 + 4 - -2).
20
What is the value of (36 + 21 - 63) + (0 - 4) + 0?
-10
((18 - 25) + 5 + 1 - 9) + 5
-5
32 - 22 - (14 - 2)
-2
What is the value of (-2 - (1 + -2)) + -56 + (27 - -29)?
-1
Calculate -243 + 261 + -14 + 0.
4
Evaluate (-19 - (11 - -5 - 2)) + 5.
-28
What is (-8 + -9 - 2) + 12 + 0?
-7
Evaluate (-3 - (8 - 6)) + -4 + 35 + -5.
21
Calculate (-18 - 6 - -10) + (8 - 0) - -3.
-3
(-4 - -3) + (10 - 6 - -2) + -5
0
Evaluate 9 + -9 - (-14 + -8).
22
Calculate 10 - (12 - (7 - 9)).
-4
-17 + (-43 - -52) - 6
-14
-9 - 14 - -11 - -17
5
What is (3 - 10) + -13 - -13?
-7
Calculate -13 - -3 - (-1 - (-12 - (-5 - 25))).
9
What is 2 + 1 + (-20 - (-21 + -7))?
11
What is 0 + 2 - (11 + -8 - -4 - 11)?
6
49 + -23 - 22 - (1 - 9)
12
Calculate (-6 - 0) + (-12 + 3 - -10).
-5
What is the value of -19 + 13 - (-10 + (3 - 0))?
1
Calculate -4 - (-6 + -6 + 0) - 12 - -17.
13
(0 - -8 - (14 - (34 + -15))) + 9
22
-7 - (-3 + -13 + (1 - -7))
1
What is -4 - (-1 - -6) - (-4 - -1)?
-6
What is -3 + (5 - 14 - (-10 - 9)) + -3?
4
What is the value of (0 - 17) + -2 + 5 + 9 + -11?
-16
Evaluate -10 + (-7 + -1 - (-56 + 55)).
-17
Evaluate -15 - (-33 + (12 - -10) + -8).
4
Evaluate -28 + 4 - -6 - -9.
-9
What is the value of -20 + (45 - -23) + -37?
11
-308 - -318 - (15 + (-5 - -2))
-2
Evaluate 0 + -9 + (93 - 99) + 11.
-4
2 - (-5 + 21) - -5
-9
(-4 + -1 - -7) + -1 - (-18 - -46)
-27
What is -12 + (-8 + 5 - -8)?
-7
0 + (6 - 1) - (19 + -27 - -3)
10
Calculate -2 - (-3 - 0 - (-33 - -23)).
-9
Evaluate (6 - 3) + (-15 - -17).
5
What is the value of -17 + 46 + -25 + -17?
-13
What is the value of 14 + -3 - 5 - -4?
10
Evaluate (-1 - 26) + -214 + 235.
-6
What is the value of 32 + (-4 - -15) - (-8 + 12)?
39
Evaluate -4 - (-5 + -4) - (3 + 25 + 0).
-23
Evaluate 22 + (-4 + 1 - (5 - (-19 - -31))).
26
What is the value of (0 - -5) + (3 + -31 - -24) + -37?
-36
Calculate (-44 - 2) + 14 - (2 - 1 - 12).
-21
Evaluate -3 + 3 - (12 + (-16 + -4 - -6)).
2
-11 + (-9 - -42) - 29
-7
What is the value of 12 + -4 + 4 - 21?
-9
Evaluate (-1 - -5) + 22 + -32 + -2.
-8
-1 - (4 - 0 - (39 + -21))
13
What is -34 + (8 - -22) - -20?
16
What is the value of 0 - 6 - (-103 + 92)?
5
Evaluate -1 + 6 + 0 + (10 - (-16 - -43)).
-12
What is the value of (535 - 532) + 1 + 12 - -6?
22
Calculate (4 - (-9 - (1 + -30))) + -3 + 4.
-15
Evaluate 1 + -5 - (-14 - (-6 - 9)).
-5
Calculate 2 + -2 + -9 + (-18 - (-35 + 15)).
-7
What is the value of (1 - 1) + -6 - (9 - -3)?
-18
Calculate -8 + 4 + -2 - (8 - 5) - -9.
0
What is the value of 8 + ((-1 - -1) + 0 - (-29 + 27))?
10
What is (16 - 3) + -1 + (-6 - -2 - -6)?
14
What is the value of (2 - 0) + (-1 - -12) + (-40 - -38)?
11
Evaluate -20 - (-3 + (4 - -1)) - (-176 + 165).
-11
What is 16 + (-14 - (-4 + -19 + 11) - -8)?
22
(8 - -1) + (1 - -25) + -100 + 85
20
7 - (22 - (-7 + 27))
5
Evaluate -36 - -49 - 31 - (0 + -5).
-13
-18 + (-2 - (-9 + -16)) + 17
22
What is -5 + 15 + 22 + -2 + -6?
24
What is the value of 19 + (-24 - -17) + -32?
-20
Calculate 89 + -96 - (-19 + -4).
16
What is 7 - (18 - (-1 - -15)) - -3?
6
66 + -16 + -25 + -24
1
(1 - (-4 + 0)) + 2 + -4
3
Evaluate 18 - (33 + -21 + -1).
7
What is the value of (18 + (16 - 11) - 13) + -8?
2
Calculate -20 - -1 - (5 - -1 - (2 + 4)).
-19
What is the value of -10 + 4 + -2 + 5 + -3 + 6?
0
Evaluate 8 + -3 + -5 - (-19 - -9).
10
What is -18 + (19 - 37) + 26?
-10
What is 7 + (-7 + 5 - 0 - -4 - 7)?
2
What is 0 + 2 + 2 + 1 + (-200 - -198)?
3
Calculate (-8 - (-5 - 25)) + (7 - (-9 - -11)).
27
What is 12 - ((18 + -3 - 6) + -6 + 3)?
6
(18 - 13) + 6 + 4 - 26
-11
What is the value of (1 - -6) + 2 - (-18 - -24) - 11?
-8
What is -25 + 26 + -42 + (5 - (3 - 1))?
-38
What is the value of -41 - -46 - (-5 - (-1 + -4 - -2))?
7
Evaluate 9 + ((10 - 18) + 0 - 14).
-13
8 + -4 + 0 + -27 + (14 - 3)
-12
What is the value of -3 + 10 + (20 - 29)?
-2
Evaluate -32 + (23 - 3) + -76 + 66.
-22
What is (8 - 14) + 13 + -16?
-9
Calculate -24 - (-12 - (-20 - -12)).
-20
Calculate -43 - -60 - 47 - -44.
14
What is 10 - (10 + 21) - -5?
-16
What is the value of -7 + (12 - 7) + (2 - -2) + -4?
-2
What is the value of 4 - ((-62 - -66) + (-1 - -9))?
-8
-19 + 9 - -11 - -5 - 4 - -8
10
Evaluate 12 + (-29 - (-1 + -12) - -13).
9
What is the value of 13 + 0 - (171 + -144)?
-14
What is (3 - 2 - -6) + (12 + 50 - 34)?
35
-6 + 46 + (-4 - 2 - 1) + 5
38
Calculate (-1 - -10) + 40 + -44 - (-1 - -7).
-1
What is the value of 27 - (-37 + 47 - -6)?
11
-5 - (1 + -3 + 1)
-4
Calculate 0 - ((13 - 15) + 0 + 2).
0
What is the value of 66 + -73 + -14 + 4?
-17
(29 + -30 - (-7 + 3 + -2)) + 0
5
11 + (-2 - (31 - 9))
-13
What is (10 - ((2 - -20) + -9)) + 0?
-3
Evaluate 1 - -3 - (-3 + (1 - -2)).
4
Calculate 0 + 7 + 137 + -129 + -26.
-11
13 - 40 - (-1 + (-11 - (-2 + -2)))
-19
What is -21 + 93 + -69 - (7 + 0)?
-4
What is -11 - ((-1 - 0) + -1 + -4 + 2)?
-7
What is the value of (2 + -15 - -5 - 16) + 7?
-17
What is (7 - 3) + -5 + 7 + -9?
-3
Calculate 4 + 13 + -6 + -1 - 22.
-12
Calculate 17 + -7 + -9 + 2 + -2.
1
Evaluate -7 - (-8 + -2 + 13 + -6).
-4
What is (-2 - 4) + (-8 - (-12 - -11))?
-13
Calculate -12 + -2 + (16 - 11).
-9
What is the value of 4 + -3 + (-20 - -15) + 12 + 0?
8
What is (4 + -1 - (0 - (26 + -38))) + -1?
-10
Calculate 23 - (27 + 2 + -17).
11
What is the value of -5 + 16 + -5 + 1?
7
What is the value of (49 - 36) + (13 - 7)?
19
-16 + 15 - (-2 + (2 - 3))
2
22 + -10 - (28 + (7 - -2))
-25
-29 + 43 + -37 - (2 - 2)
-23
Evaluate 2 - (5 + (-9 - -13 - 1)).
-6
Calculate 0 + 3 + (0 + -12 - (107 - 121)).
5
-15 + 11 - 26 - -16
-14
What is 4 + (-5 + -2 - -1)?
-2
What is -23 - (2 - (18 + -8 + -2))?
-17
Evaluate (-9 - ((-28 - -7) + 0)) + -11.
1
What is -46 + 28 + (33 - 1) - 32?
-18
Calculate -26 - ((-15 - -34) + -16).
-29
What is (4 + 2 - (24 + -4) - -7) + 3?
-4
What is the value of (21 - 0) + 12 + -23 + 1?
11
Evaluate 7 + (9 - -4) - (2 + -4 - 0).
22
What is 29 + -13 + -29 - -23?
10
Calculate -15 + 2 + 6 + 0.
-7
Evaluate (-89 - -36) + (34 - 12).
-31
What is (28 - -1) + (268 - 302)?
-5
What is the value of (-15 - -2 - (-9 + 4)) + 1 + 5?
-2
Calculate -1 + (3 + -4 + -4 - (-3 - -2)).
-5
Calculate 21 + -5 + (13 - 23).
6
7 - 1 - (5 + 0 + 88 + -80)
-7
What is the value of 17 - (9 + -4) - (-24 + 28)?
8
What is the value of 1 - 30 - (-43 - -34) - (7 - -2)?
-29
What is -4 + 3 + 1 + 11 + (61 - 61)?
11
Calculate (11 - 10) + -11 - -9 - -4.
3
(694 - 640) + -41 + -2
11
What is the value of 0 + (-17 - (-5 + -3)) + 21?
12
(-7 - (-1 - 0)) + (-125 - -141)
10
Calculate (28 + -8 - 39) + 3.
-16
Calculate 1 - (6 - 0) - (-39 + (-22 - -44)).
12
What is (-10 - -6 - (-4 + 6)) + (-8 - -2)?
-12
(-50 - -45) + (1 - -8) - -7
11
-2 + -5 - (-9 - (-1 - (18 - 13)))
-4
(6 - 19) + -11 + 14
-10
Calculate (29 - 26 - ((-5 - -3) + 4)) + 2.
3
What is -46 + (50 - 3) + (3 + -2 - 13)?
-11
What is the value of 8 - (((-6 - -13) + -12 - -44) + -7)?
-24
What is the value of (0 - (-8 + (1 - 9) + 11)) + -39?
-34
What is the value of 11 + 7 + -18 - (-29 - -11)?
18
What is the value of -3 - -2 - 1 - (-29 + 25) - -5?
7
Calculate 7 - (-20 + 27 + -19).
19
What is 14 + 11 + -14 - (-16 + 7)?
20
What is the value of 8 + (-13 - -1) + 7 - (8 - -1)?
-6
Evaluate 6 + (6 - -3 - 1) + -7 + -19.
-12
-75 + 71 - (8 + -2)
-10
What is (-51 - -63) + -4 + -8?
0
Evaluate 3 + -3 + (12 + -10 - 24 - -2).
-20
Calculate -1 - (-1 + 4 - (45 + -46) - -8).
-13
Evaluate (5 - -13) + 5 - 38.
-15
Evaluate (-1 - 3) + (-38 - (45 + -75)).
-12
16 + (21 - 35) + -1 + 6
7
-655 + 621 - (-1 + -27)
-6
What is the value of -23 + (-13 - (-17 - (12 + -5)))?
-12
Evaluate 0 - (21 - (7 - -3)) - 11.
-22
What is (7 - (0 + (-1 - -7))) + -12?
-11
What is the value of 3 + -7 + -72 + 49?
-27
Evaluate (-9454 - -9467) + 9 + 0 + 0.
22
Evaluate (-5 + 17 - -2) + (-8 - (-3 + -5)).
14
What is 2 + 21 - (166 - 155)?
12
Evaluate 4 - 6 - (3 - -1) - -14.
8
Calculate (2 - 8) + (-7 - (6 + (-18 - -4))).
-5
Calculate (-6 - -13 - (-7 + 7)) + 8 + 3.
18
Evaluate 19 + ((6 - 10) + 9 - 7).
17
What is 13 + -1 + (1781 - 1783)?
10
What is (312 + -254 - (19 + 1)) + -10 + 2?
30
What is the value of 12 - (-2 - 0) - (120 - 113)?
7
Calculate (-19 + 12 - -20) + -11.
2
Cal